 Calculate s(14).
-4
Let z(b) = -58*b**2 - 40*b - 40. Calculate z(-1).
-58
Let p(n) = 6*n**2 + 28*n + 39. Determine p(-5).
49
Let o(x) = -68*x - 827. Give o(-9).
-215
Let l(y) = -627*y + 1244. Give l(2).
-10
Let q(o) = -99*o - 749. Determine q(-10).
241
Let o(v) = -v**3 + 261*v - 21. Determine o(-16).
-101
Let n(r) = -r**3 + 7*r**2 + 17*r - 107. Determine n(7).
12
Let v(o) = -276*o + 6377. Determine v(23).
29
Let v(i) = 21*i - 3610. Calculate v(172).
2
Let z(a) = a**3 - 28*a**2 - 30*a + 25. Calculate z(29).
-4
Let g(z) = -9*z**2 - 57*z - 177. Calculate g(-3).
-87
Let b(r) = -2*r**2 + 31*r - 46. Give b(20).
-226
Let q(i) = -3*i**2 - 17*i + 8. Calculate q(0).
8
Let d(b) = 66*b - 323. Calculate d(4).
-59
Let y(d) = -d**3 - 2*d**2 + 84*d - 13. Give y(-11).
152
Let t(w) = 212*w + 2766. What is t(-13)?
10
Let m(s) = -138*s**2 - 19*s - 6. Calculate m(-2).
-520
Let s(h) = h**2 - 65*h + 191. What is s(3)?
5
Let u(a) = -99*a - 852. Determine u(-9).
39
Let g(q) = -4*q**2 + 55*q - 56. Calculate g(1).
-5
Let y(h) = h**3 - 5*h**2 - 3*h - 4. Determine y(7).
73
Let f(t) = 342*t - 289. Calculate f(1).
53
Let w(k) = 962*k - 3838. Calculate w(4).
10
Let r(g) = 15*g**3 + 2*g**2 - 1087*g - 1089. Calculate r(-1).
-15
Let f(q) = 9*q**2 + 35*q - 174. Calculate f(5).
226
Let o(c) = -2*c**2 + 34*c + 207. Calculate o(-5).
-13
Let q(f) = -2*f**3 - 29*f**2 + 63*f - 5. What is q(2)?
-11
Let u(k) = -k**2 + 392. Determine u(-20).
-8
Let l(q) = 58*q - 441. Give l(7).
-35
Let x(p) = 2*p**3 + 4*p**2 - 43*p + 4. Determine x(4).
24
Let i(m) = 6*m**2 - 8*m - 40. Determine i(9).
374
Let g(y) = y**3 + 51*y**2 + 6*y + 84. What is g(-51)?
-222
Let f(a) = -31049*a + 279458. Determine f(9).
17
Let v(u) = 110*u + 481. What is v(-4)?
41
Let v(t) = -99*t - 594. Determine v(-6).
0
Let l(v) = -49*v - 864. Give l(-41).
1145
Let d(j) = 2*j**3 - 22*j**2 - 81*j + 369. Give d(13).
-8
Let h(d) = 2*d**3 - 8*d**2 - 102*d + 531. Give h(6).
63
Let x(w) = -2*w**2 - 185*w - 226. Determine x(-86).
892
Let g(x) = x**3 - 57*x**2 + 718*x + 111. What is g(38)?
-41
Let s(o) = o**3 - 20*o**2 + 28*o + 91. Determine s(18).
-53
Let w(v) = 17*v**2 - 36*v - 596. What is w(7)?
-15
Let q(d) = -17*d**2 + 581*d - 56. Give q(34).
46
Let d(o) = o**2 - 280*o - 4429. Give d(-15).
-4
Let i(p) = 1014*p + 15. Determine i(0).
15
Let g(z) = 2*z**3 + 9*z**2 - 2*z + 20. Calculate g(-5).
5
Let j(g) = 15*g**3 - 166*g**2 + 8*g + 26. Calculate j(11).
-7
Let j(c) = 6*c**2 - 26*c - 52. What is j(-2)?
24
Let w(z) = -z**2 + 60*z - 783. Give w(40).
17
Let v(k) = k**2 + 34*k + 129. Determine v(-8).
-79
Let x(p) = 2*p**2 - 2202*p + 60090. Give x(28).
2
Let c(b) = -b**3 - 14*b**2 - 31*b - 24. Determine c(-9).
-150
Let k(b) = -2*b**2 + 120*b + 393. Give k(63).
15
Let u(r) = -3*r**2 - 64*r + 119. Give u(-23).
4
Let h(a) = a**3 - 27*a**2 - 34*a + 64. Determine h(28).
-104
Let x(d) = 12*d**2 - 19*d - 4. Give x(2).
6
Let x(g) = -g**2 - 2792*g + 5. Determine x(0).
5
Let y(a) = 2*a**2 - 36*a - 6. Give y(15).
-96
Let i(v) = -12*v + 444. Determine i(37).
0
Let f(d) = 3*d**2 + 11*d - 47. What is f(-4)?
-43
Let u(w) = 22*w + 776. Give u(-36).
-16
Let y(a) = -2674*a + 93585. What is y(35)?
-5
Let k(l) = l**3 - 7*l**2 + 5*l + 13. Determine k(4).
-15
Let w(j) = -30*j**3 - j**2 - 4*j - 3. What is w(-2)?
241
Let m(h) = -2*h**2 - 63*h + 151. Calculate m(-34).
-19
Let k(q) = 38*q + 731. What is k(-19)?
9
Let t(o) = 345*o + 1424. What is t(-4)?
44
Let o(k) = -k**3 - 19*k**2 - 43*k - 180. Give o(-17).
-27
Let s(i) = 311*i + 3212. Determine s(-10).
102
Let c(u) = 2798*u - 11241. Determine c(4).
-49
Let d(n) = 2*n**2 + 40*n + 226. Give d(-9).
28
Let l(t) = t**3 - 14*t**2 + 18*t + 69. Determine l(12).
-3
Let c(k) = -3*k**2 - 255*k + 11237. Determine c(-117).
5
Let a(q) = q**2 - 31*q - 2085. What is a(62)?
-163
Let g(f) = -38*f**2 - 8*f - 1. Give g(-1).
-31
Let v(a) = -62*a + 4853. Calculate v(78).
17
Let c(l) = -2*l**2 - 201*l - 1141. Give c(-6).
-7
Let g(r) = 2*r**2 + 72*r - 3967. Determine g(-66).
-7
Let g(m) = -115*m + 1158. Calculate g(10).
8
Let x(f) = -f**2 - 39*f - 81. Give x(-10).
209
Let b(r) = -21*r**2 + 457*r + 593. Determine b(23).
-5
Let m(p) = -p**3 + 76*p**2 + 95*p - 1377. Give m(77).
9
Let l(b) = 77*b - 340. Calculate l(5).
45
Let d(z) = -z**2 - 282*z - 1995. Determine d(-7).
-70
Let j(k) = -93*k + 202. Give j(7).
-449
Let w(p) = 1078*p - 6475. Give w(6).
-7
Let x(p) = 134*p - 10593. Determine x(79).
-7
Let q(v) = -3*v**3 - 37*v**2 - 114*v - 10. Determine q(-7).
4
Let y(i) = i**3 + 4*i**2 - 42*i - 97. Give y(-7).
50
Let t(s) = -6*s - 61. What is t(-8)?
-13
Let t(o) = 167*o + 664. Calculate t(-4).
-4
Let h(t) = 3*t**2 + 1106*t + 2200. Give h(-2).
0
Let b(r) = -3*r**3 + 13*r**2 - 3*r - 10. Determine b(4).
-6
Let l(v) = 60*v + 39. Give l(-6).
-321
Let b(x) = -x**3 - 21*x**2 + 43*x + 470. What is b(-22)?
8
Let p(c) = -19*c**3 - 3*c + 5. What is p(1)?
-17
Let x(c) = -2*c**3 + 2*c + 202. What is x(0)?
202
Let h(y) = -377*y + 758. Calculate h(2).
4
Let o(g) = 221*g - 5312. What is o(24)?
-8
Let h(s) = -5244*s - 115364. Calculate h(-22).
4
Let o(l) = 14*l**2 - 3*l - 4. Calculate o(-6).
518
Let t(x) = -4*x - 117. What is t(-14)?
-61
Let s(n) = n**3 - 12*n**2 + 7*n - 381. Calculate s(14).
109
Let l(a) = -6*a**2 - 1137*a - 1747. Determine l(-188).
-55
Let g(r) = -869*r - 24327. Determine g(-28).
5
Let i(d) = -d**3 + 48*d**2 + 155*d - 123. What is i(51)?
-21
Let n(t) = -t**3 + 11*t + 5. What is n(-6)?
155
Let v(m) = -586*m - 12886. Give v(-22).
6
Let v(m) = -m**2 + 1435. Give v(38).
-9
Let a(q) = -q**3 - 12*q**2 - 30*q - 91. What is a(-9)?
-64
Let k(o) = 41*o + 1077. What is k(-26)?
11
Let v(k) = -43*k**2 + 1418*k + 42. Calculate v(33).
9
Let q(v) = -13*v**2 + 134*v + 8. Calculate q(10).
48
Let v(m) = m**2 + 26*m + 165. Give v(-17).
12
Let r(w) = -w**3 + 8*w**2 - 7*w - 18. What is r(7)?
-18
Let s(h) = 2*h**3 - 4*h**2 - 30*h - 35. What is s(-3)?
-35
Let f(v) = -v**2 + 24*v + 442. Calculate f(-12).
10
Let k(c) = 2*c**3 - 4*c**2 - 38*c - 49. Calculate k(-3).
-25
Let m(w) = -w - 51. Determine m(-40).
-11
Let a(h) = h**3 - 52*h**2 + 76*h + 1211. Give a(50).
11
Let m(s) = -s**2 - 9*s + 180. Give m(-22).
-106
Let b(g) = -33*g - 306. Calculate b(6).
-504
Let r(n) = 7*n**3 - 9*n**2 - 12*n + 7. Calculate r(4).
263
Let c(h) = -5*h**3 - 26*h**2 + 64*h + 15. Determine c(-7).
8
Let g(p) = p**3 + 27*p**2 - 156*p + 30. What is g(5)?
50
Let q(u) = -2*u**3 - 21*u**2 - 41*u + 49. What is q(-7)?
-7
Let p(k) = k**3 + 9*k**2 - 33*k - 254. Determine p(-9).
43
Let h(c) = -c**3 - 59*c**2 - 163*c + 13. Calculate h(-3).
-2
Let m(t) = -119*t**2 - 15*t - 1. Give m(1).
-135
Let q(y) = 24*y - 522. What is q(21)?
-18
Let h(c) = -c**3 + 25*c**2 - 57*c + 160. Calculate h(23).
-93
Let i(j) = -j**2 + 5*j + 32. Give i(-5).
-18
Let m(w) = w**3 + 25*w**2 + 27*w - 66. Calculate m(-24).
-138
Let q(g) = -g**3 + 53*g**2 + 229*g - 140. What is q(57)?
-83
Let a(c) = -9*c + 116. Calculate a(15).
-19
Let j(z) = 326*z**2 + z + 32. Determine j(0).
32
Let c(r) = -r**3 - 9*r**2 - 15*r - 78. What is c(-8)?
-22
Let m(w) = 84*w - 961. Determine m(11).
-37
Let v(b) = 171*b + 9869. Calculate v(-58).
-49
Let h(u) = 3*u**2 + 30*u - 360. Determine h(7).
-3
Let p(q) = q**2 - 62*q + 591. Give p(47).
-114
Let c(k) = -53*k + 5850. Give c(111).
-33
Let n(c) = c**2 + 44*c + 115. Calculate n(-6).
-113
Let t(l) = -2*l**2 - 65*l - 103. Determine t(-31).
-10
Let a(z) = 2*z**3 - 232*z**2 + 679*z - 104. What is a(113)?
9
Let l(s) = 75*s - 455. What is l(6)?
-5
Let h(m) = 369*m + 1151. What is h(-3)?
44
Let d(s) = -8*s**2 - 11*s + 5. What is d(-4)?
-79
Let n(b) = 199*b - 5805. What is n(29)?
-34
Let i(d) = 5*d - 104. Determine i(-48).
-344
Let r(s) = 41*s**2 + 35*s + 1. Give r(-1).
7
Let h(w) = -21*w - 256. Give h(-11).
-25
Let q(g) = 48*g + 31. Determine q(-1).
-17
Let j(n) = 1507*n - 10471. Determine j(7).
78
Let r(p) = p**3 + 249*p**2 + 3735*p + 1615. Determine r(-233).
-16
Let r(d) = -4*d**2 - 525*d + 963. What is r(-133)?
32
Let y(f) = 4*f**3 - 151*f**2 + 112*f - 52. Calculate y(37).
-15
Let f(d) = -d**3 + 49*d**2 + 117*d - 83. Determine f(51).
682
Let o(l) = 31*l**2 - 424*l - 130. What is o(14)?
10
Let d(l) = -307*l - 927. Calculate d(-3).
-6
Let q(j) = -78*j - 457. Give q(-8).
167
Let f(p) = -64*p + 14. What is f(0)?
1